{"id":11064,"date":"2021-10-01T16:18:05","date_gmt":"2021-10-01T19:18:05","guid":{"rendered":"https:\/\/mjtom.com.br\/site1\/?page_id=11064"},"modified":"2022-03-08T15:40:30","modified_gmt":"2022-03-08T18:40:30","slug":"associados","status":"publish","type":"page","link":"https:\/\/sinprfsp.org.br\/index.php\/associados\/","title":{"rendered":"\u00c1rea do Associado"},"content":{"rendered":"<p><span class=\"wppb-frontend-restriction-message wppb-content-restriction-message\"><span class=\"wppb-content-restriction-message\">\u00a0<\/span><\/p>\n<p style=\"text-align: center\"><span class=\"wppb-content-restriction-message\"><a href=\"https:\/\/sinprfsp.org.br\/index.php\/log-in\/\"><strong>Fa\u00e7a login<\/strong><\/a> para acessar este conte\u00fado.<\/span><\/p>\n<p>&nbsp;<\/span><\/p>\n","protected":false},"excerpt":{"rendered":"<p>EDITAR PERFIL SAIR \u00daLTIMAS NOT\u00cdCIAS TODAS AS NOT\u00cdCIAS Servi\u00e7os Previous Next Clique aqui para Votar<\/p>\n","protected":false},"author":3,"featured_media":0,"parent":0,"menu_order":0,"comment_status":"closed","ping_status":"closed","template":"","meta":{"footnotes":""},"class_list":["post-11064","page","type-page","status-publish","hentry"],"_links":{"self":[{"href":"https:\/\/sinprfsp.org.br\/index.php\/wp-json\/wp\/v2\/pages\/11064","targetHints":{"allow":["GET"]}}],"collection":[{"href":"https:\/\/sinprfsp.org.br\/index.php\/wp-json\/wp\/v2\/pages"}],"about":[{"href":"https:\/\/sinprfsp.org.br\/index.php\/wp-json\/wp\/v2\/types\/page"}],"author":[{"embeddable":true,"href":"https:\/\/sinprfsp.org.br\/index.php\/wp-json\/wp\/v2\/users\/3"}],"replies":[{"embeddable":true,"href":"https:\/\/sinprfsp.org.br\/index.php\/wp-json\/wp\/v2\/comments?post=11064"}],"version-history":[{"count":77,"href":"https:\/\/sinprfsp.org.br\/index.php\/wp-json\/wp\/v2\/pages\/11064\/revisions"}],"predecessor-version":[{"id":16880,"href":"https:\/\/sinprfsp.org.br\/index.php\/wp-json\/wp\/v2\/pages\/11064\/revisions\/16880"}],"wp:attachment":[{"href":"https:\/\/sinprfsp.org.br\/index.php\/wp-json\/wp\/v2\/media?parent=11064"}],"curies":[{"name":"wp","href":"https:\/\/api.w.org\/{rel}","templated":true}]}}